m is divided by c?
8
Suppose -6*g - 10 = -166. Suppose -4*p = -9 - 19. What is the remainder when g is divided by p?
5
Suppose 5*m - 77 = -4*j, -4*m + 3*m - 4*j + 9 = 0. Calculate the remainder when 67 is divided by m.
16
Suppose -3*m - m = 76. Let h = -17 - 10. Let y = m - h. Calculate the remainder when y is divided by 5.
3
Suppose 6 = 3*c - 0. Suppose 0 = 4*w + 3*u - 18, 0*u - 8 = -4*w + c*u. Suppose -90 = -w*s - 2*s. What is the remainder when 53 is divided by s?
17
Let z = 2 - -2. Suppose 103 = z*g - 2*r + r, 5*g - 2*r - 128 = 0. What is the remainder when 51 is divided by g?
25
What is the remainder when 34 is divided by -2 - (6 + -2)*1*-1?
0
Suppose -n + 2*f + 46 = -3, 0 = -3*n + 3*f + 162. What is the remainder when n is divided by 31?
28
Suppose 21 = 3*r + 3*k, 5*r + 2*k = 7*k - 5. Suppose -r*s - 129 = -5*p, -4*p + 0 = 3*s - 87. What is the remainder when p is divided by (-1)/(-2) - 125/(-10)?
11
Suppose 15 = 2*l + 3. Let z = l - 6. Suppose -2*m + 3*m - 12 = z. What is the remainder when 34 is divided by m?
10
Let q(b) = -b + 4. Suppose 12 = -4*x, -5*z + 2*x + 2*x + 57 = 0. Calculate the remainder when z is divided by q(0).
1
Let z(v) = -9*v - 1. What is the remainder when z(-3) is divided by (28/10)/((-1)/(-5))?
12
Suppose 0 = 3*x - 204 - 249. Calculate the remainder when x is divided by 39.
34
Calculate the remainder when 174 is divided by (-2)/3 - 1712/(-48).
34
Let i(j) = -j + 10. Let s be i(0). What is the remainder when (s/3)/(4/30) is divided by 2 + 2 + 10 + -1?
12
Let y = 10 - 6. Suppose -4*n = y*a - 68, 4*a + 6*n - n = 68. Suppose 3*h - k = a + 8, -2*h - k + 25 = 0. What is the remainder when 29 is divided by h?
9
Suppose -2*v + 14 = -5*y, 4*y + 4 + 6 = v. Suppose 7*o - v*o = 70. What is the remainder when o is divided by 9 + (-4 - 6/(-2))?
6
Suppose -20 = -2*q - 2. Suppose -4*n = -2*n + 24. What is the remainder when (q/2)/((-2)/n) is divided by 14?
13
Suppose 3*z + 183 = 4*m - 53, 4*m - 236 = -4*z. Calculate the remainder when m is divided by 17.
8
Let h(k) = -k**3 + 5*k**2 - 9. What is the remainder when 11 is divided by h(4)?
4
Let h(r) = r + 18. Let z be h(-13). Let g(v) = v - 1. Let a(w) = 2*w - 1. Let f(m) = 3*a(m) - 2*g(m). What is the remainder when 36 is divided by f(z)?
17
Let n(z) = -z**3 + 7*z**2 - 6*z. Let u be n(6). Let s be 4 - (-1 + (2 - u)). Calculate the remainder when (s/9)/((-1)/(-57)) is divided by 7.
5
Suppose -3*f = -5*f + 104. Suppose 0 = -3*p + 4*y + 5 + 37, 5*p - 75 = 5*y. What is the remainder when f is divided by p?
16
Let t be (-10)/45 + (-506)/(-9). Suppose 4*v - t = 20. What is the remainder when v is divided by 7 + 3/(-9)*0?
5
Suppose -3*k = -w - 25, 5*k - 4*w - 33 - 18 = 0. What is the remainder when 24 is divided by k?
3
Let v(d) = 3*d - d - 2*d + 2 + 3*d. What is the remainder when 14 is divided by v(1)?
4
Suppose 6*r + 10*r = 704. Suppose 1 = 3*k + 2*s, 2*s - 4 = 6*s. Calculate the remainder when r is divided by ((-5)/2)/(k/(-6)).
14
Let r(u) be the second derivative of 0 - u**2 - u - 1/3*u**3. Calculate the remainder when 10 is divided by r(-3).
2
Calculate the remainder when 25 is divided by (-235)/(-25) + (-4)/10.
7
Let k(u) = -u**3 - 6*u**2 + 5*u - 10. Let c be k(-7). Suppose -f + 2*h + 49 = 2*f, -c*f = -4*h - 72. What is the remainder when 38 is divided by f?
12
Let v = 16 + 1. What is the remainder when v is divided by 14 + (-8)/12*6?
7
Suppose 5*y = 3*s - 10, -3*s = 4*y - 15 - 4. What is the remainder when s*-26*(-1)/2 is divided by 17?
14
Suppose 3*c - 5*c + 34 = 0. Let i(g) = g**2 + 9 + 3*g**3 - 3*g**3 + g + g**3. What is the remainder when c is divided by i(0)?
8
Let t = 40 - 28. What is the remainder when 59 is divided by t?
11
Let s(i) = -6*i**3 - 2*i**2 + 1. What is the remainder when s(-2) is divided by (6 - (-10)/5) + 3?
8
Let h be (-17)/(-1) - (1 + -2). Let o be (-2)/(-1) + h + 2. Suppose 0*a + o = 2*a. Calculate the remainder when a is divided by 6.
5
Suppose -4*x + 518 = 2*f, 3*f = x + 5*f - 128. Let b = -29 + x. Suppose 3*g = 4*w + w + b, 2*g - 3*w - 66 = 0. What is the remainder when g is divided by 14?
13
Let y = 8 + -4. Let o(a) = a - 12. Let r be o(5). What is the remainder when y is divided by 1 + -1 + (-5 - r)?
0
Suppose 3*r + 3*b = 4*r - 29, 5*b = 2*r - 53. Calculate the remainder when 40 is divided by r.
12
Let o = -64 - -125. What is the remainder when o is divided by -14*1*(-6)/4?
19
Let b(u) = u**3 - 2*u**2 - 4*u + 7. Let i be b(6). Suppose -22 = 3*r - i. What is the remainder when r is divided by 12?
11
Let g = 93 - 60. Suppose 3 + g = m. Suppose 0 = -4*p - z + m, -3*z + 5 = 17. What is the remainder when p is divided by 4?
2
Let n(u) be the first derivative of u**3 + 5*u**2/2 + 4*u - 1. Calculate the remainder when n(-3) is divided by (-6)/(4 + (-42)/9).
7
Let a be (-3)/4*(-10 + 2). Let h be 0/(-5 - -9) - -3. Suppose 0 = -h*m - 2*y + 161, a*m = 2*m + y + 200. Calculate the remainder when m is divided by 13.
12
Let c = 28 - 24. Suppose 3*s = 4*s - c. Let i(z) = -z**3 - 5*z**2 + 4*z - 7. What is the remainder when i(-6) is divided by s?
1
Suppose -5*i + 60 = -2*i. Let t(n) = -1. Let l(o) = o**2 - 7*o. Let s(a) = l(a) - 3*t(a). What is the remainder when i is divided by s(8)?
9
Let o(x) = 4*x - 23. Calculate the remainder when 115 is divided by o(13).
28
Let p(k) = k**2 + 4*k - 8. Let s be p(-6). Let w(d) = d**2 - 2*d - 2. What is the remainder when (17/4)/((-1)/(-4)) is divided by w(s)?
5
Let o = 4 + -1. Suppose -5*p - 19 = -3*c, p + o = 4*p + 3*c. Calculate the remainder when -9*(p - 0) + 2 is divided by 11.
9
Suppose -184 = -4*w - 0*w + v, -2*w + 92 = -3*v. What is the remainder when w is divided by 26?
20
Suppose -71 = -2*r - 5*g, r - 2*g = -4*r + 105. Calculate the remainder when 90 is divided by r.
21
Let t = -65 - -79. Calculate the remainder when 41 is divided by t.
13
Suppose -u - 5*w + 2 = 0, 3*u - 26 + 10 = -5*w. Let n(c) = c**3 + 8*c**2 + 4. What is the remainder when u is divided by n(-8)?
3
Let d = -3 - -7. Suppose -d = m - 16. Suppose 2*z - 7*z + 235 = 0. Calculate the remainder when z is divided by m.
11
Let l(a) = a**3 - 3*a**2 - 3*a - 4. Let j be l(4). Suppose -2*d + 5*i = -51, j = 3*d - d - 3*i - 57. What is the remainder when d is divided by 12?
9
Let x = 70 - -9. Calculate the remainder when x is divided by 20.
19
Let f(d) = -d**3 - d**2 + 2*d + 3. Let m be f(-2). Suppose -2 = -z + m. Let w = z + 0. Calculate the remainder when w is divided by 3.
2
Let z = 114 + -33. Calculate the remainder when z is divided by 21.
18
Suppose -5*v = 4*h - 73, 2*h + 2*h - 22 = -2*v. Suppose 2*b + v = 3*b. Calculate the remainder when 1 + 0/(-3) + 48 is divided by b.
15
Let r be 2/(-1) - (-2)/1. Suppose r = 2*k + 2*z, 0*k = 3*k - 4*z - 21. Suppose -30 = -k*s + 6. What is the remainder when 33 is divided by s?
9
Let u(h) = -h**3 + 6*h**2 - 7*h + 6. Let x be u(4). Suppose -3*j + x = -2. What is the remainder when 13 is divided by j?
1
Suppose -2*x + 6*x - 160 = 0. Suppose -6*k + x = -k. What is the remainder when 25 is divided by (36/k)/(2/4)?
7
Let h(w) = w**2 - 3*w - 11. Calculate the remainder when h(9) is divided by 22.
21
Let o be 4/(-8) - 11/(-2). Suppose -4*b + 16 = 2*y, -2*b + 8 + 72 = o*y. What is the remainder when y is divided by 10?
8
Suppose -7*r = -18*r + 660. Let c = -16 + 32. Calculate the remainder when r is divided by c.
12
Let z be (-9 + 9)/(1 + 0). Let y(f) = -f - 28. Let t be y(z). Let w = -12 - t. What is the remainder when 30 is divided by w?
14
Let n = -5 + 54. Suppose -24*j + 8*j = -208. What is the remainder when n is divided by j?
10
Suppose -f = -2*j + 3*j - 15, j + 1 = -5*f. Suppose -6 - j = -v. Calculate the remainder when 74 is divided by v.
24
Let r(p) = -3*p + 4. Let n(m) = 2*m - 2. Let i(d) = 5*n(d) + 3*r(d). Let a be i(0). Suppose -a*v - 2*v = -8. What is the remainder when 3 is divided by v?
1
Let i = -70 + 95. Calculate the remainder when 72 is divided by i.
22
Let j(q) = 3*q**2 + 3*q + 1. Suppose 7 = -0*l + l. Suppose 4*x + n - 6 - 7 = 0, -2*x = n - l. What is the remainder when j(-2) is divided by x?
1
Let g = -4 - -9. Suppose 2*w = -3*m - 22, 2 = -4*m + 2*w - 4. Calculate the remainder when m/3*(-42)/4 is divided by g.
4
Let m(c) = 9*c. What is the remainder when m(5) is divided by (-21)/7 - (-1 - 0)*19?
13
Let u(p) 